culate the remainder when 1123 is divided by 71.
58
Calculate the remainder when 51 is divided by 4.
3
Calculate the remainder when 7558 is divided by 12.
10
What is the remainder when 16 is divided by 2?
0
What is the remainder when 158 is divided by 16?
14
Calculate the remainder when 1559 is divided by 65.
64
Calculate the remainder when 5576 is divided by 124.
120
What is the remainder when 2252 is divided by 19?
10
What is the remainder when 340 is divided by 18?
16
What is the remainder when 116 is divided by 6?
2
What is the remainder when 127 is divided by 8?
7
Calculate the remainder when 2009 is divided by 57.
14
Calculate the remainder when 482 is divided by 457.
25
Calculate the remainder when 344 is divided by 47.
15
Calculate the remainder when 148 is divided by 59.
30
Calculate the remainder when 345 is divided by 253.
92
What is the remainder when 550 is divided by 19?
18
Calculate the remainder when 365 is divided by 46.
43
What is the remainder when 600 is divided by 67?
64
Calculate the remainder when 3395 is divided by 81.
74
Calculate the remainder when 8 is divided by 2.
0
What is the remainder when 701 is divided by 37?
35
What is the remainder when 1072 is divided by 29?
28
Calculate the remainder when 245 is divided by 124.
121
Calculate the remainder when 1316 is divided by 8.
4
What is the remainder when 264 is divided by 139?
125
What is the remainder when 46198 is divided by 22?
20
What is the remainder when 51 is divided by 30?
21
Calculate the remainder when 3234 is divided by 15.
9
What is the remainder when 342 is divided by 41?
14
Calculate the remainder when 1668 is divided by 114.
72
What is the remainder when 133 is divided by 46?
41
Calculate the remainder when 201 is divided by 24.
9
Calculate the remainder when 1307 is divided by 73.
66
What is the remainder when 114 is divided by 3?
0
What is the remainder when 7881 is divided by 18?
15
Calculate the remainder when 539 is divided by 137.
128
Calculate the remainder when 52 is divided by 22.
8
What is the remainder when 2683 is divided by 158?
155
Calculate the remainder when 501 is divided by 46.
41
Calculate the remainder when 430 is divided by 63.
52
Calculate the remainder when 1352 is divided by 33.
32
What is the remainder when 102 is divided by 59?
43
What is the remainder when 126 is divided by 26?
22
What is the remainder when 2482 is divided by 35?
32
What is the remainder when 543 is divided by 15?
3
Calculate the remainder when 46 is divided by 35.
11
What is the remainder when 961 is divided by 91?
51
What is the remainder when 745 is divided by 120?
25
Calculate the remainder when 118 is divided by 34.
16
Calculate the remainder when 2185 is divided by 546.
1
Calculate the remainder when 162 is divided by 31.
7
What is the remainder when 43 is divided by 9?
7
What is the remainder when 290 is divided by 5?
0
Calculate the remainder when 778 is divided by 85.
13
Calculate the remainder when 1597 is divided by 17.
16
What is the remainder when 210 is divided by 131?
79
What is the remainder when 9600 is divided by 11?
8
What is the remainder when 2015 is divided by 250?
15
Calculate the remainder when 80 is divided by 79.
1
Calculate the remainder when 482 is divided by 70.
62
What is the remainder when 1513 is divided by 15?
13
What is the remainder when 45 is divided by 20?
5
Calculate the remainder when 220 is divided by 29.
17
Calculate the remainder when 273 is divided by 92.
89
Calculate the remainder when 7538 is divided by 60.
38
Calculate the remainder when 269 is divided by 55.
49
Calculate the remainder when 538 is divided by 4.
2
Calculate the remainder when 2036 is divided by 35.
6
What is the remainder when 540 is divided by 24?
12
Calculate the remainder when 6343 is divided by 60.
43
What is the remainder when 96 is divided by 32?
0
What is the remainder when 307 is divided by 9?
1
What is the remainder when 13483 is divided by 15?
13
What is the remainder when 1154 is divided by 70?
34
Calculate the remainder when 513 is divided by 11.
7
Calculate the remainder when 507 is divided by 53.
30
Calculate the remainder when 4219 is divided by 32.
27
What is the remainder when 4296 is divided by 253?
248
Calculate the remainder when 6206 is divided by 32.
30
What is the remainder when 2255 is divided by 452?
447
What is the remainder when 240 is divided by 56?
16
What is the remainder when 2039 is divided by 27?
14
Calculate the remainder when 1299 is divided by 29.
23
What is the remainder when 110 is divided by 93?
17
What is the remainder when 812 is divided by 74?
72
Calculate the remainder when 145 is divided by 33.
13
What is the remainder when 210 is divided by 10?
0
Calculate the remainder when 420 is divided by 70.
0
What is the remainder when 1895 is divided by 620?
35
Calculate the remainder when 692 is divided by 26.
16
What is the remainder when 4538 is divided by 227?
225
Calculate the remainder when 335 is divided by 85.
80
Calculate the remainder when 161 is divided by 33.
29
Calculate the remainder when 221 is divided by 14.
11
Calculate the remainder when 611 is divided by 18.
17
Calculate the remainder when 30 is divided by 21.
9
Calculate the remainder when 177 is divided by 76.
25
What is the remainder when 1206 is divided by 31?
28
What is the remainder when 11 is divided by 9?
2
What is the remainder when 306 is divided by 115?
76
Calculate the remainder when 21 is divided by 6.
3
What is the remainder when 1356 is divided by 105?
96
What is the remainder when 1069 is divided by 98?
89
What is the remainder when 151 is divided by 39?
34
Calculate the remainder when 809 is divided by 81.
80
What is the remainder when 266 is divided by 27?
23
Calculate the remainder when 13 is divided by 13.
0
Calculate the remainder when 1441 is divided by 111.
109
Calculate the remainder when 238 is divided by 31.
21
What is the remainder when 901 is divided by 887?
14
Calculate the remainder when 192 is divided by 17.
5
What is the remainder when 811 is divided by 163?
159
Calculate the remainder when 1121 is divided by 11.
10
What is the remainder when 101 is divided by 22?
13
What is the remainder when 29 is divided by 3?
2
Calculate the remainder when 7741 is divided by 149.
142
Calculate the remainder when 126 is divided by 44.
38
What is the remainder when 102 is divided by 18?
12
Calculate the remainder when 317 is divided by 154.
9
What is the remainder when 108 is divided by 16?
12
Calculate the remainder when 245 is divided by 63.
56
Calculate the remainder when 882 is divided by 52.
50
What is the remainder when 428 is divided by 148?
132
What is the remainder when 135 is divided by 34?
33
Calculate the remainder when 253 is divided by 116.
21
What is the remainder when 37 is divided by 32?
5
Calculate the remainder when 1054 is divided by 19.
9
Calculate the remainder when 363 is divided by 25.
13
Calculate the remainder when 469 is divided by 159.
151
What is the remainder when 41 is divided by 18?
5
Calculate the remainder when 991 is divided by 112.
95
What is the remainder when 501 is divided by 19?
7
What is the remainder when 728 is divided by 364?
0
What is the remainder when 113 is divided by 35?
8
Calculate the remainder when 51 is divided by 13.
12
What is the remainder when 205 is divided by 26?
23
What is the remainder when 275 is divided by 12?
11
Calculate the remainder when 238 is divided by 16.
14
Calculate the remainder when 479 is divided by 56.
31
What is the remainder when 63 is divided by 57?
6
What is the remainder when 605 is divided by 287?
31
What is the remainder when 1123 is divided by 89?
55
What is the remainder when 5319 is divided by 56?
55
Calculate the remainder when 619 is divided by 31.
30
Calculate the remainder when 191 is divided by 124.
67
Calculate the remainder when 2133 is divided by 533.
1
Calculate the remainder when 62 is divided by 35.
27
What is the remainder when 196 is divided by 14?
0
Calculate the remainder when 972 is divided by 205.
152
What is the remainder when 51 is divided by 28?
23
What is the remainder when 1814 is divided by 8?
6
Calculate the remainder when 175 is divided by 39.
19
What is the remainder when 396 is divided by 57?
54
What is the rema